rue
Is 6536393 a composite number?
True
Is 86281445 prime?
False
Is 64450171 a prime number?
False
Is 3485938 a prime number?
False
Is 26789001 a composite number?
True
Is 76745073 prime?
False
Is 103889251 a composite number?
False
Is 30347039 prime?
True
Is 82300223 a composite number?
True
Is 112143553 composite?
False
Is 8495849 prime?
True
Is 210637 a prime number?
False
Is 55467527 prime?
True
Is 102701797 a prime number?
False
Is 19276703 a composite number?
False
Is 2391227 composite?
False
Is 145540543 a prime number?
False
Is 139263719 a prime number?
False
Is 126217529 prime?
False
Is 5930369 a composite number?
False
Is 880199 prime?
True
Is 4844017 composite?
False
Is 4752263 a composite number?
False
Is 2881561 composite?
False
Is 19214863 a composite number?
True
Is 5958821 a composite number?
True
Is 5736149 prime?
True
Is 367265377 prime?
False
Is 2318353 a composite number?
False
Is 13672033 composite?
False
Is 9386191 prime?
True
Is 102514989 a composite number?
True
Is 3799469 prime?
True
Is 34886171 composite?
False
Is 51741841 prime?
False
Is 43928957 composite?
True
Is 14857597 a composite number?
True
Is 187591811 prime?
False
Is 23237567 prime?
False
Is 661927 composite?
True
Is 230573191 composite?
False
Is 661574 a prime number?
False
Is 7792097 a prime number?
False
Is 27760514 a composite number?
True
Is 3038199 a composite number?
True
Is 23469569 a prime number?
True
Is 1154417 prime?
False
Is 25759933 a prime number?
False
Is 82699 composite?
False
Is 2537837 prime?
True
Is 12246961 a composite number?
True
Is 440208841 composite?
True
Is 10881929 prime?
True
Is 158551 a composite number?
False
Is 19596487 composite?
False
Is 1063397 prime?
True
Is 87160063 a prime number?
False
Is 52086187 a composite number?
True
Is 13192507 a composite number?
False
Is 25417793 a prime number?
False
Is 86132089 a composite number?
False
Is 224577998 a prime number?
False
Is 29620687 a prime number?
False
Is 1111853 composite?
False
Is 4066661 prime?
True
Is 821666 composite?
True
Is 33728977 a composite number?
False
Is 62032027 a composite number?
False
Is 65052823 a composite number?
True
Is 1500959 a prime number?
False
Is 1728911 prime?
True
Is 18281959 composite?
True
Is 23479007 composite?
False
Is 42419077 a prime number?
False
Is 570893 prime?
False
Is 7848863 a prime number?
False
Is 6981251 a composite number?
False
Is 9334091 a prime number?
False
Is 114152629 composite?
True
Is 47378243 composite?
True
Is 620603 prime?
True
Is 17562689 prime?
True
Is 1668869 a composite number?
False
Is 799837 a composite number?
False
Is 28166942 a prime number?
False
Is 258220763 a prime number?
True
Is 520535 prime?
False
Is 3947501 a prime number?
True
Is 33084577 prime?
True
Is 11955793 a composite number?
True
Is 7491451 a composite number?
True
Is 194223167 composite?
False
Is 8382691 prime?
False
Is 114452411 a composite number?
False
Is 4276241 composite?
False
Is 134892869 a prime number?
False
Is 4862713 prime?
False
Is 1073843 composite?
True
Is 81627787 a composite number?
False
Is 5912813 a composite number?
False
Is 123540767 a prime number?
False
Is 3708373 prime?
False
Is 353527 a prime number?
True
Is 3438257 a prime number?
False
Is 2225599 a prime number?
True
Is 4285123 composite?
False
Is 26277046 a composite number?
True
Is 3131482 a prime number?
False
Is 196162735 prime?
False
Is 6051713 prime?
False
Is 46854229 composite?
False
Is 65227091 a composite number?
False
Is 471041 a prime number?
True
Is 1178881 a prime number?
False
Is 12774417 a prime number?
False
Is 564427 a composite number?
True
Is 17230985 a prime number?
False
Is 42709421 prime?
True
Is 3370837 composite?
True
Is 35906873 a prime number?
False
Is 31151443 prime?
True
Is 15785563 prime?
True
Is 30391259 composite?
True
Is 134489 a prime number?
True
Is 8780003 prime?
False
Is 17427653 prime?
True
Is 260826689 composite?
True
Is 141645145 a prime number?
False
Is 14118149 prime?
True
Is 11738231 prime?
True
Is 14892041 a composite number?
False
Is 171591341 composite?
False
Is 8014867 a prime number?
False
Is 3077047 a composite number?
False
Is 1567547 a composite number?
True
Is 1215017 composite?
False
Is 15354767 composite?
False
Is 949954 composite?
True
Is 105622403 composite?
True
Is 98553469 prime?
False
Is 12636067 a composite number?
True
Is 5080903 composite?
True
Is 1015691 composite?
False
Is 43845757 composite?
False
Is 150442657 prime?
True
Is 379300973 a composite number?
False
Is 287338 a prime number?
False
Is 660883 a prime number?
False
Is 16073819 a prime number?
True
Is 40554133 composite?
True
Is 129365785 a composite number?
True
Is 1846029 prime?
False
Is 4602191 composite?
True
Is 134731 prime?
True
Is 44817 a composite number?
True
Is 394328047 a prime number?
False
Is 13216751 prime?
True
Is 71463365 a prime number?
False
Is 93222977 composite?
False
Is 24279413 a composite number?
False
Is 115263683 a composite number?
False
Is 75328889 composite?
False
Is 55301717 composite?
True
Is 66349714 a composite number?
True
Is 22667419 a composite number?
True
Is 13468061 a composite number?
True
Is 22709677 prime?
True
Is 4071811 a composite number?
True
Is 95653 prime?
False
Is 39499417 prime?
False
Is 17208179 a prime number?
True
Is 4143901 a prime number?
True
Is 2915491 a prime number?
True
Is 1282805 prime?
False
Is 9680987 prime?
True
Is 272917217 composite?
True
Is 11388791 a composite number?
False
Is 459905151 composite?
True
Is 222731273 prime?
True
Is 133999 a composite number?
False
Is 75443269 composite?
True
Is 279193 prime?
False
Is 17802101 prime?
False
Is 4448077 a prime number?
True
Is 170215127 composite?
True
Is 1140537 a composite number?
True
Is 83120387 composite?
True
Is 287047129 composite?
False
Is 7536859 composite?
True
Is 40705699 prime?
False
Is 193732031 a composite number?
False
Is 31515137 prime?
True
Is 38399159 composite?
False
Is 4862339 a composite number?
False
Is 3236021 prime?
False
Is 2998549 composite?
False
Is 142594003 a composite number?
False
Is 4269439 composite?
False
Is 31906993 a prime number?
False
Is 5445949 composite?
True
Is 331974161 composite?
False
Is 72165347 a prime number?
False
Is 29265979 composite?
False
Is 2165483 a prime number?
True
Is 1000883 a composite number?
True
Is 34262023 prime?
False
Is 158635333 prime?
True
Is 8283869 composite?
True
Is 83795983 prime?
True
Is 8584619 a composite number?
False
Is 208006837 prime?
True
Is 80720867 prime?
True
Is 73146041 a prime number?
True
Is 88596323 prime?
True
Is 9246551 a composite number?
False
Is 10699651 a prime number?
True
Is 3752731 prime?
True
Is 4512283 composite?
False
Is 248249 a prime number?
False
Is 1787393 composite?
False
Is 2300359 a composite number?
True
Is 3066329 a composite number?
True
Is 1846111 a prime number?
False
Is 11453951 a prime number?
True
Is 111985099 a composite number?
True
Is 143024579 prime?
False
Is 7380953 a composite number?
True
Is 133779803 prime?
True
Is 73678061 a composite number?
True
Is 24983237 a prime number?
True
Is 21939259 prime?
False
Is 3017671 a prime number?
True
Is 2221457 a composite number?
True
Is 30827333 prime?
False
Is 59178841 a prime number?
True
Is 13954643 prime?
True
Is 3173327 a composite number?
True
Is 51733735 a prime number?
False
Is 3032713 composite?
True
Is 1183651 a prime number?
False
Is 9768571 composite?
True
Is 438963769 a prime number?
True
Is 1060289 a prime number?
False
Is 37718713 prime?
False
Is 25806673 prime?
False
Is 25819747 composite?
True
Is 18996473 composite?
False
Is 196846941 a composite number?
True
Is 170757073 prime?
True
Is 6407477 a prime number?
False
Is 34667131 composite?
True
Is 11341563 a composite number?
True
Is 5263169 composite?
False
Is 637344047 composite?
False
Is 27818237 prime?
True
Is 9309229 prime?
False
Is 108949697 composite?
False
Is 454297 prime?
True
Is 7216493 a composite number?
False
Is 147380657 composite?
True
Is 165766817 a composite number?
True
Is 938015927 prime?
True
Is 136454 composite?
True
Is 1802827 composite?
True
Is 4671083 a composite number?
True
Is 9999637 prime?
True
Is 618913 composite?
False
Is 2331061 a composite number?
False
Is 513059861 a composite n